ed by 21.
20
Calculate the remainder when 86 is divided by 10.
6
What is the remainder when 301 is divided by 244?
57
Calculate the remainder when 67 is divided by 51.
16
What is the remainder when 108 is divided by 25?
8
What is the remainder when 35 is divided by 18?
17
What is the remainder when 88 is divided by 46?
42
What is the remainder when 127 is divided by 48?
31
Calculate the remainder when 915 is divided by 57.
3
Calculate the remainder when 2991 is divided by 143.
131
What is the remainder when 167 is divided by 14?
13
What is the remainder when 147 is divided by 19?
14
Calculate the remainder when 260 is divided by 13.
0
What is the remainder when 766 is divided by 20?
6
Calculate the remainder when 186 is divided by 94.
92
What is the remainder when 414 is divided by 104?
102
What is the remainder when 135 is divided by 9?
0
What is the remainder when 93 is divided by 80?
13
What is the remainder when 69 is divided by 39?
30
What is the remainder when 256 is divided by 26?
22
Calculate the remainder when 383 is divided by 78.
71
Calculate the remainder when 465 is divided by 52.
49
Calculate the remainder when 214 is divided by 7.
4
Calculate the remainder when 79 is divided by 16.
15
Calculate the remainder when 879 is divided by 98.
95
Calculate the remainder when 450 is divided by 2.
0
Calculate the remainder when 740 is divided by 26.
12
What is the remainder when 701 is divided by 64?
61
Calculate the remainder when 338 is divided by 43.
37
Calculate the remainder when 139 is divided by 19.
6
Calculate the remainder when 5235 is divided by 10.
5
Calculate the remainder when 1639 is divided by 82.
81
Calculate the remainder when 178 is divided by 32.
18
Calculate the remainder when 2621 is divided by 38.
37
What is the remainder when 544 is divided by 21?
19
Calculate the remainder when 7858 is divided by 1964.
2
What is the remainder when 215 is divided by 10?
5
What is the remainder when 758 is divided by 186?
14
What is the remainder when 824 is divided by 272?
8
What is the remainder when 1261 is divided by 624?
13
Calculate the remainder when 346 is divided by 110.
16
What is the remainder when 904 is divided by 5?
4
What is the remainder when 38 is divided by 13?
12
Calculate the remainder when 711 is divided by 180.
171
Calculate the remainder when 439 is divided by 40.
39
Calculate the remainder when 72 is divided by 69.
3
What is the remainder when 254 is divided by 29?
22
Calculate the remainder when 6378 is divided by 29.
27
Calculate the remainder when 223 is divided by 85.
53
Calculate the remainder when 866 is divided by 23.
15
Calculate the remainder when 102 is divided by 51.
0
Calculate the remainder when 27 is divided by 3.
0
What is the remainder when 588 is divided by 8?
4
Calculate the remainder when 714 is divided by 105.
84
Calculate the remainder when 186 is divided by 52.
30
What is the remainder when 104 is divided by 28?
20
What is the remainder when 100 is divided by 15?
10
What is the remainder when 2467 is divided by 13?
10
Calculate the remainder when 464 is divided by 36.
32
What is the remainder when 279 is divided by 162?
117
What is the remainder when 130 is divided by 27?
22
What is the remainder when 296 is divided by 144?
8
What is the remainder when 188 is divided by 71?
46
What is the remainder when 408 is divided by 109?
81
Calculate the remainder when 15384 is divided by 98.
96
What is the remainder when 5958 is divided by 10?
8
What is the remainder when 8349 is divided by 116?
113
What is the remainder when 455 is divided by 32?
7
Calculate the remainder when 38 is divided by 31.
7
Calculate the remainder when 318 is divided by 55.
43
Calculate the remainder when 1914 is divided by 1908.
6
Calculate the remainder when 2727 is divided by 29.
1
What is the remainder when 825 is divided by 59?
58
What is the remainder when 455 is divided by 180?
95
What is the remainder when 22 is divided by 5?
2
What is the remainder when 12311 is divided by 4100?
11
Calculate the remainder when 5694 is divided by 32.
30
What is the remainder when 3872 is divided by 17?
13
Calculate the remainder when 1828 is divided by 30.
28
What is the remainder when 464 is divided by 58?
0
Calculate the remainder when 82 is divided by 12.
10
What is the remainder when 2900 is divided by 17?
10
What is the remainder when 182 is divided by 60?
2
What is the remainder when 274 is divided by 55?
54
Calculate the remainder when 902 is divided by 21.
20
What is the remainder when 2439 is divided by 155?
114
What is the remainder when 198 is divided by 53?
39
Calculate the remainder when 64 is divided by 4.
0
What is the remainder when 39 is divided by 2?
1
What is the remainder when 110 is divided by 10?
0
What is the remainder when 460 is divided by 5?
0
Calculate the remainder when 238 is divided by 116.
6
What is the remainder when 1992 is divided by 15?
12
Calculate the remainder when 8899 is divided by 12.
7
What is the remainder when 160 is divided by 22?
6
Calculate the remainder when 1271 is divided by 91.
88
Calculate the remainder when 1919 is divided by 214.
207
What is the remainder when 1475 is divided by 203?
54
What is the remainder when 1403 is divided by 18?
17
What is the remainder when 217 is divided by 51?
13
Calculate the remainder when 562 is divided by 109.
17
Calculate the remainder when 1283 is divided by 272.
195
What is the remainder when 492 is divided by 29?
28
What is the remainder when 221 is divided by 8?
5
What is the remainder when 102 is divided by 23?
10
What is the remainder when 526 is divided by 23?
20
Calculate the remainder when 202 is divided by 41.
38
What is the remainder when 2012 is divided by 24?
20
What is the remainder when 239 is divided by 90?
59
Calculate the remainder when 1401 is divided by 74.
69
What is the remainder when 45 is divided by 8?
5
What is the remainder when 2419 is divided by 60?
19
What is the remainder when 129 is divided by 66?
63
What is the remainder when 382 is divided by 12?
10
Calculate the remainder when 603 is divided by 155.
138
What is the remainder when 186 is divided by 92?
2
What is the remainder when 427 is divided by 129?
40
Calculate the remainder when 155 is divided by 16.
11
What is the remainder when 20613 is divided by 35?
33
Calculate the remainder when 880 is divided by 222.
214
What is the remainder when 383 is divided by 167?
49
What is the remainder when 561 is divided by 6?
3
What is the remainder when 5097 is divided by 2547?
3
Calculate the remainder when 4013 is divided by 400.
13
Calculate the remainder when 217 is divided by 62.
31
What is the remainder when 80 is divided by 39?
2
What is the remainder when 43127 is divided by 227?
224
What is the remainder when 601 is divided by 3?
1
Calculate the remainder when 2268 is divided by 282.
12
What is the remainder when 509 is divided by 29?
16
What is the remainder when 2095 is divided by 351?
340
Calculate the remainder when 619 is divided by 89.
85
What is the remainder when 61 is divided by 38?
23
Calculate the remainder when 122 is divided by 45.
32
What is the remainder when 389 is divided by 101?
86
What is the remainder when 51 is divided by 2?
1
What is the remainder when 3252 is divided by 20?
12
What is the remainder when 278 is divided by 36?
26
What is the remainder when 599 is divided by 43?
40
Calculate the remainder when 2326 is divided by 69.
49
What is the remainder when 428 is divided by 210?
8
Calculate the remainder when 1917 is divided by 6.
3
What is the remainder when 65 is divided by 59?
6
Calculate the remainder when 578 is divided by 239.
100
What is the remainder when 1052 is divided by 370?
312
What is the remainder when 3685 is divided by 370?
355
Calculate the remainder when 554 is divided by 140.
134
Calculate the remainder when 863 is divided by 8.
7
Calculate the remainder when 824 is divided by 119.
110
What is the remainder when 220 is divided by 79?
62
What is the remainder when 77 is divided by 20?
17
What is the remainder when 1270 is divided by 31?
30
Calculate the remainder when 418 is divided by 126.
40
Calculate the remainder when 220 is divided by 102.
16
Calculate the remainder when 112 is divided by 21.
7
Calculate the rem